pose -6*l + 218 = -10. Let m = l + -30. What are the prime factors of s(m)?
3, 7
Let k(c) = 11*c**3 - 19*c**2 - 40*c + 33. List the prime factors of k(10).
3, 41, 71
List the prime factors of 9933 - (8 - (-16)/(-8)).
3, 1103
Suppose 0 = 5*u - 29 - 71. Let x = u + -92. Let k = x - -99. What are the prime factors of k?
3
Let m = 29 - 24. Suppose 4*j = -m*f + 10*f + 49, 5*j = -3*f + 52. Let n = j - -134. What are the prime factors of n?
5, 29
Let y(v) = 2*v**2 - 315*v + 74. List the prime factors of y(-56).
2, 67, 179
Let r be 2 + 4 + 1 + -3. Suppose 5*q = -4*m + 4668, 4*q - 7*q = r*m - 2796. List the prime factors of q.
2, 3, 13
Suppose -79*q - 1800 = -83*q. Suppose x + 9*x - q = 0. List the prime factors of x.
3, 5
Let i(a) = -29*a**3 - 4*a**2 + a + 8. Suppose 3*x = -14*x - 765. Let f = 43 + x. List the prime factors of i(f).
2, 3, 37
Let q = -5895 - -8850. Suppose 12*w - 3453 = q. What are the prime factors of w?
2, 3, 89
Let a = -41845 - -60416. List the prime factors of a.
7, 379
Suppose -464*a + 485*a = -819. Let w(c) = 20*c + 1. Let f be w(-4). Let x = a - f. What are the prime factors of x?
2, 5
Suppose m + 4 - 7 = 0. Suppose -4*o + m*o = 860. List the prime factors of (-1)/3 + (-3)/(45/o).
3, 19
Let t(k) = -5 - 2 + 10*k + 3*k**2 - 8*k**2 + 16*k**2 + k**3. What are the prime factors of t(-9)?
5, 13
List the prime factors of 786/(-2)*1/24*-536.
67, 131
Suppose -483*z = -2*b - 481*z + 87674, 131514 = 3*b - 4*z. List the prime factors of b.
2, 7, 31, 101
Let h(r) = r**3 + 18*r**2 + 44*r - 12. Let a be h(-15). Suppose -c = -3*u + 137, -6*u + 2*u - 4*c = -172. Suppose a*g - 195 = u. List the prime factors of g.
2, 5
Let m(j) = -27*j + 218. Let u be m(8). Suppose 1639 = 4*z - u*p - 1789, -4*z + 3404 = 4*p. What are the prime factors of z?
3, 5, 19
Let b(z) = 19*z - 4. Let f = 27 - 24. Suppose 3*m - 3 = f. List the prime factors of b(m).
2, 17
Let q = -10 + 6. Let g(v) = -2*v**3 - 45*v**2 + 28*v + 28. Let m be g(-21). What are the prime factors of (q + m/(-14))*4/6?
3, 29
Suppose -131*z - 242*z - 36*z + 3838874 = 0. What are the prime factors of z?
2, 13, 19
Let z be 6 - (-30)/(0 + -6). Let l(p) = 391*p**3 + 2*p**2 - 5*p + 4. List the prime factors of l(z).
2, 7
Let f be 21/(-6) + (-2)/(-4). List the prime factors of (33/(-2))/(f/20).
2, 5, 11
Let x(r) = 111*r**2 + 60*r + 591. List the prime factors of x(-11).
2, 3, 17, 131
Let p = -160 + 328. Let u = -9 - -10. Suppose -5*r - 83 = -a + u, p = 2*a + 4*r. What are the prime factors of a?
2, 3, 7
Suppose 65*j = -8144 - 1541. Let q(p) = -93*p - 3. Let h be q(-3). Let n = h + j. What are the prime factors of n?
127
Suppose 5*j - 2*y + 6 = 0, -18*j + 14*j = 2*y - 6. Suppose -2*b - 34 + 360 = j. What are the prime factors of b?
163
Let c(y) be the second derivative of y**5/30 - y**4/4 + y**3/2 + y. Let o(n) be the second derivative of c(n). What are the prime factors of o(2)?
2
Let g = -136 + 142. List the prime factors of 1*11080/50 + g/(-10).
13, 17
Let h = 6 + 36. Suppose -254 + h = 4*d. Let o = d - -102. What are the prime factors of o?
7
Let g(l) = 2261*l**2 - 258*l + 788. What are the prime factors of g(3)?
7, 2909
Suppose -8 = -o - 4. Let q = 184 - o. What are the prime factors of q?
2, 3, 5
Let d(t) = t**3 + 46*t**2 - 18*t + 222. Let k be d(-46). Let c = 332 + k. List the prime factors of c.
2, 691
Let n(v) = 107*v - 182. Let t be n(28). Suppose -4650 = -6*z + t. What are the prime factors of z?
2, 311
Let y(f) = 126*f**2 - 53*f + 288. What are the prime factors of y(14)?
2, 17, 23, 31
Let u be (-42)/9*54/(-36). Suppose 11*s + 3420 = 4*c + u*s, 4*s - 12 = 0. What are the prime factors of c?
2, 3, 11, 13
Suppose -3*w + 1536 = -r - 1497, 2*r - 1018 = -w. What are the prime factors of w?
2, 11, 23
Let z(n) = 12*n**3 + 8*n**2 - 31*n - 42. List the prime factors of z(5).
3, 167
Suppose 0 = 31*v - 1306454 - 759975. What are the prime factors of v?
191, 349
Let b be (-71)/(-7) - 114/(-133). Let m = 598 + b. List the prime factors of m.
3, 7, 29
Let j be 109/218*4*(-349)/2. Let f = j - -1356. List the prime factors of f.
19, 53
Let q(b) = -b**3 - 26*b**2 - 17*b + 46. Let u be q(-26). What are the prime factors of u/6 + 20/30?
2, 41
Suppose 1 = -a + 4. Let h(t) = -t**3 + 4*t**2 - 4*t + 7. Let l be h(a). Suppose -l*d - 21 = -11*d. List the prime factors of d.
3
Let r = 16540 - 16538. Let t = -118 + 83. What are the prime factors of (r + 33)*(-14)/t?
2, 7
Let n = -6179 - -6229. What are the prime factors of n?
2, 5
Let b(f) = 560*f**3 + 8*f**2 + 3*f - 9. Let u(y) = 280*y**3 + 4*y**2 + 2*y - 5. Let n(q) = 6*b(q) - 11*u(q). List the prime factors of n(1).
281
Let d(o) = -5*o + 22. Let u(m) = -5*m + 23. Let h(a) = 6*d(a) - 7*u(a). Suppose -115 = -14*l + 95. List the prime factors of h(l).
2, 23
What are the prime factors of (-36)/((-62080)/(-6900) + -9)?
2, 3, 5, 23
Suppose -203*p - 20 = -199*p, 4*t - 30963 = -p. What are the prime factors of t?
2, 7, 79
Let b(z) = -8*z**2 + 610*z + 6. What are the prime factors of b(15)?
2, 3, 613
Let h be 16/2 + -12 - -1187. Let b = -443 + h. List the prime factors of b.
2, 5, 37
Suppose 10*p = 14*p + 3*v - 7285, -5442 = -3*p + 5*v. List the prime factors of p.
17, 107
Let r = 56271 - 25383. List the prime factors of r.
2, 3, 11, 13
Suppose -5*w = 4*o + 52138 - 429015, 0 = -o - 3*w + 94221. List the prime factors of o.
2, 3, 41, 383
Let n = 9711 - 5227. What are the prime factors of n?
2, 19, 59
Suppose -5*r + 3*p + 60469 = 0, -2*r - 5*p + 12077 = -r. List the prime factors of r.
2, 3023
Let n(u) = 6*u**3 - 28*u**2 + 17*u - 16. What are the prime factors of n(11)?
19, 251
Suppose 23*j + 13734 = 7751 + 289642. What are the prime factors of j?
3, 4111
Suppose -9*h - 1 = -7*h + 3*b, -3*b - 21 = -3*h. Suppose -z + 372 = -5*f, h*z + f - 1585 + 55 = 0. List the prime factors of z.
2, 191
Let o be 6555/27 + (-6)/(-135)*5. Suppose o = 2*u - 143. What are the prime factors of u?
193
Let j = -6388 + 9009. List the prime factors of j.
2621
Suppose 74*q + 25427 = 440419. What are the prime factors of q?
2, 701
Suppose h - 5*h - 249 = -5*s, -2*h - 135 = s. Let y = h - -34. Let i = -10 - y. What are the prime factors of i?
2, 11
Let f(j) = 689*j - 228. List the prime factors of f(10).
2, 3331
Let m(s) = 4039*s**2 - 95*s + 282. What are the prime factors of m(3)?
2, 3, 13, 233
Let s = 3647 + 3112. What are the prime factors of s?
3, 751
Let v be 7 + (-55)/(-4) + 2/8. Let u = v + 372. List the prime factors of u.
3, 131
Let f(g) = -341*g - 970. List the prime factors of f(-12).
2, 7, 223
Let m = -223 - -246. Let k(l) = -l**3 + 25*l**2 - 8*l - 17. What are the prime factors of k(m)?
857
Let i be 10/(2 - 0) - -188. Suppose 0 = -8*d - i - 143. Let m = d - -249. What are the prime factors of m?
3, 23
Let g = -44 + 45. Let z(x) = -5*x + g - 4*x - x. What are the prime factors of z(-7)?
71
Suppose -3*v + 9 = 0, v + 4*v - 15 = -3*u. Suppose 4*s - 2*w + 10 = u, -w = s + 4*w - 3. Let d = s - -52. List the prime factors of d.
2, 5
Let s(f) = -f**2 - 13*f - 13. Let v be s(-11). Suppose -4*d + 1504 = 4*b, -d - v*b = -6*b - 384. What are the prime factors of d?
2, 3, 31
Let t = 25423 + -16429. What are the prime factors of t?
2, 3, 1499
Let s = -274 - -463. Let z = -91 + s. Suppose -x - 16 = -t + 9, 4*t - 2*x - z = 0. List the prime factors of t.
2, 3
Let y(n) = -2*n**3 + 7*n**2 + 31*n - 19. Let k be y(-6). Let s = k + -172. List the prime factors of s.
307
Suppose 3*z + 1025 = c, 16*c - 14*c - 5*z = 2046. Suppose 0 = -5*b - c + 3753. What are the prime factors of b?
2, 137
List the prime factors of (-2)/20 + (-25)/(3000/(-448692)).
3739
Suppose 2*k = -47*k + 1296981. List the prime factors of k.
3, 17, 173
Let m be 4 + 4 - (-2 - 0). Suppose -5*k - m = -10*k. Suppose 35 = -k*f + g + 116, 165 = 4*f - g. What are the prime factors of f?
2, 3, 7
Suppose -5*y = 4*l - 9 - 12, -5*y + 17 = 3*l. What are the prime factors of 1 + y*-342*(-6 - -5)?
7
Suppose 4*k + 5*m - 17043 = 10*m, 2*m = -k + 4251. List the prime factors of k.
3, 11, 43
Let d be 56/(-364) - 50338/(-13). Suppose -11*g = -0*g - d. Let o = 610 - g. What are the prime factors of o?
2, 3, 43
Let x(l) = l**2 - 7*l + 12. Let y = 78 - 74. Let w be x(y). What are the prime factors of w + (-1172)/(-4 - 0) - 0?
293
Suppose 1375*h + 39536 = 1383*h. 